{"id":95,"date":"2026-02-12T15:15:13","date_gmt":"2026-02-12T15:15:13","guid":{"rendered":"https:\/\/ohmyglow.mastermarketing.cloud\/?page_id=95"},"modified":"2026-03-23T13:11:30","modified_gmt":"2026-03-23T13:11:30","slug":"blog","status":"publish","type":"page","link":"https:\/\/ohmyglow.mastermarketing.cloud\/index.php\/blog\/","title":{"rendered":"Blog"},"content":{"rendered":"\n<div class=\"wp-block-group alignfull has-global-padding is-layout-constrained wp-container-core-group-is-layout-23b1a4dc wp-block-group-is-layout-constrained\" style=\"padding-top:var(--wp--preset--spacing--30);padding-right:var(--wp--preset--spacing--30);padding-bottom:var(--wp--preset--spacing--30);padding-left:var(--wp--preset--spacing--30)\">\n<div class=\"wp-block-group alignwide is-content-justification-space-between is-layout-flex wp-container-core-group-is-layout-b585a4aa wp-block-group-is-layout-flex\">\n<div class=\"wp-block-group is-layout-flex wp-container-core-group-is-layout-7a92790e wp-block-group-is-layout-flex\"><div class=\"is-default-size wp-block-site-logo\"><a href=\"https:\/\/ohmyglow.mastermarketing.cloud\/\" class=\"custom-logo-link\" rel=\"home\"><img loading=\"lazy\" decoding=\"async\" width=\"1563\" height=\"1563\" src=\"https:\/\/ohmyglow.mastermarketing.cloud\/wp-content\/uploads\/2026\/02\/LOGO-OH-MY-GLOW-.png\" class=\"custom-logo\" alt=\"\" srcset=\"https:\/\/ohmyglow.mastermarketing.cloud\/wp-content\/uploads\/2026\/02\/LOGO-OH-MY-GLOW-.png 1563w, https:\/\/ohmyglow.mastermarketing.cloud\/wp-content\/uploads\/2026\/02\/LOGO-OH-MY-GLOW--300x300.png 300w, https:\/\/ohmyglow.mastermarketing.cloud\/wp-content\/uploads\/2026\/02\/LOGO-OH-MY-GLOW--1024x1024.png 1024w, https:\/\/ohmyglow.mastermarketing.cloud\/wp-content\/uploads\/2026\/02\/LOGO-OH-MY-GLOW--150x150.png 150w, https:\/\/ohmyglow.mastermarketing.cloud\/wp-content\/uploads\/2026\/02\/LOGO-OH-MY-GLOW--768x768.png 768w, https:\/\/ohmyglow.mastermarketing.cloud\/wp-content\/uploads\/2026\/02\/LOGO-OH-MY-GLOW--1536x1536.png 1536w\" sizes=\"auto, (max-width: 1563px) 100vw, 1563px\" \/><\/a><\/div><\/div>\n\n\n<nav class=\"is-responsive items-justified-right wp-block-navigation is-content-justification-right is-layout-flex wp-container-core-navigation-is-layout-f665d2b5 wp-block-navigation-is-layout-flex\" aria-label=\"Navigation\" \n\t\t data-wp-interactive=\"core\/navigation\" data-wp-context='{\"overlayOpenedBy\":{\"click\":false,\"hover\":false,\"focus\":false},\"type\":\"overlay\",\"roleAttribute\":\"\",\"ariaLabel\":\"Menu\"}'><button aria-haspopup=\"dialog\" aria-label=\"Ouvrir le menu\" class=\"wp-block-navigation__responsive-container-open\" \n\t\t\t\tdata-wp-on--click=\"actions.openMenuOnClick\"\n\t\t\t\tdata-wp-on--keydown=\"actions.handleMenuKeydown\"\n\t\t\t><svg width=\"24\" height=\"24\" xmlns=\"http:\/\/www.w3.org\/2000\/svg\" viewBox=\"0 0 24 24\" aria-hidden=\"true\" focusable=\"false\"><path d=\"M4 7.5h16v1.5H4z\"><\/path><path d=\"M4 15h16v1.5H4z\"><\/path><\/svg><\/button>\n\t\t\t\t<div class=\"wp-block-navigation__responsive-container\"  id=\"modal-1\" \n\t\t\t\tdata-wp-class--has-modal-open=\"state.isMenuOpen\"\n\t\t\t\tdata-wp-class--is-menu-open=\"state.isMenuOpen\"\n\t\t\t\tdata-wp-watch=\"callbacks.initMenu\"\n\t\t\t\tdata-wp-on--keydown=\"actions.handleMenuKeydown\"\n\t\t\t\tdata-wp-on--focusout=\"actions.handleMenuFocusout\"\n\t\t\t\ttabindex=\"-1\"\n\t\t\t>\n\t\t\t\t\t<div class=\"wp-block-navigation__responsive-close\" tabindex=\"-1\">\n\t\t\t\t\t\t<div class=\"wp-block-navigation__responsive-dialog\" \n\t\t\t\tdata-wp-bind--aria-modal=\"state.ariaModal\"\n\t\t\t\tdata-wp-bind--aria-label=\"state.ariaLabel\"\n\t\t\t\tdata-wp-bind--role=\"state.roleAttribute\"\n\t\t\t>\n\t\t\t\t\t\t\t<button aria-label=\"Fermer le menu\" class=\"wp-block-navigation__responsive-container-close\" \n\t\t\t\tdata-wp-on--click=\"actions.closeMenuOnClick\"\n\t\t\t><svg xmlns=\"http:\/\/www.w3.org\/2000\/svg\" viewBox=\"0 0 24 24\" width=\"24\" height=\"24\" aria-hidden=\"true\" focusable=\"false\"><path d=\"m13.06 12 6.47-6.47-1.06-1.06L12 10.94 5.53 4.47 4.47 5.53 10.94 12l-6.47 6.47 1.06 1.06L12 13.06l6.47 6.47 1.06-1.06L13.06 12Z\"><\/path><\/svg><\/button>\n\t\t\t\t\t\t\t<div class=\"wp-block-navigation__responsive-container-content\" \n\t\t\t\tdata-wp-watch=\"callbacks.focusFirstElement\"\n\t\t\t id=\"modal-1-content\">\n\t\t\t\t\t\t\t\t<ul class=\"wp-block-navigation__container is-responsive items-justified-right wp-block-navigation\"><li class=\" wp-block-navigation-item wp-block-navigation-link\"><a class=\"wp-block-navigation-item__content\"  href=\"https:\/\/ohmyglow.mastermarketing.cloud\/\"><span class=\"wp-block-navigation-item__label\">Accueil <\/span><\/a><\/li><li class=\" wp-block-navigation-item wp-block-navigation-link\"><a class=\"wp-block-navigation-item__content\"  href=\"https:\/\/ohmyglow.mastermarketing.cloud\/index.php\/a-propos\/\"><span class=\"wp-block-navigation-item__label\">\u00c0 propos<\/span><\/a><\/li><li class=\" wp-block-navigation-item wp-block-navigation-link\"><a class=\"wp-block-navigation-item__content\"  href=\"https:\/\/ohmyglow.mastermarketing.cloud\/index.php\/les-prestations\/\"><span class=\"wp-block-navigation-item__label\">Les prestations<\/span><\/a><\/li><li class=\" wp-block-navigation-item wp-block-navigation-link\"><a class=\"wp-block-navigation-item__content\"  href=\"https:\/\/www.planity.com\/oh-my-glow-20250-corte\" target=\"_blank\"  ><span class=\"wp-block-navigation-item__label\">Prendre RDV<\/span><\/a><\/li><li class=\" wp-block-navigation-item wp-block-navigation-link\"><a class=\"wp-block-navigation-item__content\"  href=\"https:\/\/ohmyglow.mastermarketing.cloud\/index.php\/avis-clients\/\"><span class=\"wp-block-navigation-item__label\">Avis clients<\/span><\/a><\/li><li class=\" wp-block-navigation-item wp-block-navigation-link\"><a class=\"wp-block-navigation-item__content\"  href=\"https:\/\/ohmyglow.mastermarketing.cloud\/index.php\/blog\/\"><span class=\"wp-block-navigation-item__label\">Blog<\/span><\/a><\/li><\/ul>\n\t\t\t\t\t\t\t<\/div>\n\t\t\t\t\t\t<\/div>\n\t\t\t\t\t<\/div>\n\t\t\t\t<\/div><\/nav><\/div>\n<\/div>\n\n\n<ul style=\"background-color:#ece0d8;\" class=\"wp-block-latest-posts__list has-link-color alignfull wp-elements-8456ef49baec3b234c7aea8468d49110 wp-block-latest-posts has-text-color has-contrast-color has-background\"><li><div class=\"wp-block-latest-posts__featured-image alignleft\"><img loading=\"lazy\" decoding=\"async\" width=\"300\" height=\"200\" src=\"https:\/\/ohmyglow.mastermarketing.cloud\/wp-content\/uploads\/2026\/03\/Tatouage-sur-cicatrice-scaled-1-300x200.webp\" class=\"attachment-medium size-medium wp-post-image\" alt=\"\" style=\"\" srcset=\"https:\/\/ohmyglow.mastermarketing.cloud\/wp-content\/uploads\/2026\/03\/Tatouage-sur-cicatrice-scaled-1-300x200.webp 300w, https:\/\/ohmyglow.mastermarketing.cloud\/wp-content\/uploads\/2026\/03\/Tatouage-sur-cicatrice-scaled-1-1024x684.webp 1024w, https:\/\/ohmyglow.mastermarketing.cloud\/wp-content\/uploads\/2026\/03\/Tatouage-sur-cicatrice-scaled-1-768x513.webp 768w, https:\/\/ohmyglow.mastermarketing.cloud\/wp-content\/uploads\/2026\/03\/Tatouage-sur-cicatrice-scaled-1-1536x1025.webp 1536w, https:\/\/ohmyglow.mastermarketing.cloud\/wp-content\/uploads\/2026\/03\/Tatouage-sur-cicatrice-scaled-1-2048x1367.webp 2048w\" sizes=\"auto, (max-width: 300px) 100vw, 300px\" \/><\/div><a class=\"wp-block-latest-posts__post-title\" href=\"https:\/\/ohmyglow.mastermarketing.cloud\/index.php\/2026\/03\/23\/dermopigmentation-correctrice-retrouver-confiance-en-sa-peau\/\">Dermopigmentation correctrice : retrouver confiance en sa peau<\/a><div class=\"wp-block-latest-posts__post-excerpt\">La dermopigmentation correctrice est une technique esth\u00e9tique encore peu connue, mais pourtant tr\u00e8s puissante. Elle permet de corriger visuellement certaines imperfections de la peau et d\u2019aider \u00e0 se r\u00e9approprier son image. Qu\u2019est-ce que la\u2026 <a class=\"wp-block-latest-posts__read-more\" href=\"https:\/\/ohmyglow.mastermarketing.cloud\/index.php\/2026\/03\/23\/dermopigmentation-correctrice-retrouver-confiance-en-sa-peau\/\" rel=\"noopener noreferrer\">Lire la suite<span class=\"screen-reader-text\">\u00a0: Dermopigmentation correctrice : retrouver confiance en sa peau<\/span><\/a><\/div><\/li>\n<li><div class=\"wp-block-latest-posts__featured-image alignleft\"><img loading=\"lazy\" decoding=\"async\" width=\"300\" height=\"200\" src=\"https:\/\/ohmyglow.mastermarketing.cloud\/wp-content\/uploads\/2026\/03\/maquillage-permanent-scaled-1-300x200.jpg\" class=\"attachment-medium size-medium wp-post-image\" alt=\"\" style=\"\" srcset=\"https:\/\/ohmyglow.mastermarketing.cloud\/wp-content\/uploads\/2026\/03\/maquillage-permanent-scaled-1-300x200.jpg 300w, https:\/\/ohmyglow.mastermarketing.cloud\/wp-content\/uploads\/2026\/03\/maquillage-permanent-scaled-1-1024x684.jpg 1024w, https:\/\/ohmyglow.mastermarketing.cloud\/wp-content\/uploads\/2026\/03\/maquillage-permanent-scaled-1-768x513.jpg 768w, https:\/\/ohmyglow.mastermarketing.cloud\/wp-content\/uploads\/2026\/03\/maquillage-permanent-scaled-1-1536x1026.jpg 1536w, https:\/\/ohmyglow.mastermarketing.cloud\/wp-content\/uploads\/2026\/03\/maquillage-permanent-scaled-1-2048x1368.jpg 2048w\" sizes=\"auto, (max-width: 300px) 100vw, 300px\" \/><\/div><a class=\"wp-block-latest-posts__post-title\" href=\"https:\/\/ohmyglow.mastermarketing.cloud\/index.php\/2026\/03\/23\/le-maquillage-permanent-la-solution-ideale-pour-etre-belle-au-quotidien\/\">Le maquillage permanent : la solution id\u00e9ale pour \u00eatre belle au quotidien<\/a><div class=\"wp-block-latest-posts__post-excerpt\">Le maquillage permanent s\u00e9duit de plus en plus de femmes en qu\u00eate de praticit\u00e9 et de mise en beaut\u00e9 durable. Mais en quoi consiste r\u00e9ellement cette technique et \u00e0 qui s\u2019adresse-t-elle ? On vous\u2026 <a class=\"wp-block-latest-posts__read-more\" href=\"https:\/\/ohmyglow.mastermarketing.cloud\/index.php\/2026\/03\/23\/le-maquillage-permanent-la-solution-ideale-pour-etre-belle-au-quotidien\/\" rel=\"noopener noreferrer\">Lire la suite<span class=\"screen-reader-text\">\u00a0: Le maquillage permanent : la solution id\u00e9ale pour \u00eatre belle au quotidien<\/span><\/a><\/div><\/li>\n<li><div class=\"wp-block-latest-posts__featured-image alignleft\"><img loading=\"lazy\" decoding=\"async\" width=\"258\" height=\"300\" src=\"https:\/\/ohmyglow.mastermarketing.cloud\/wp-content\/uploads\/2026\/02\/IMG_6399-2-258x300.jpg\" class=\"attachment-medium size-medium wp-post-image\" alt=\"\" style=\"\" srcset=\"https:\/\/ohmyglow.mastermarketing.cloud\/wp-content\/uploads\/2026\/02\/IMG_6399-2-258x300.jpg 258w, https:\/\/ohmyglow.mastermarketing.cloud\/wp-content\/uploads\/2026\/02\/IMG_6399-2-882x1024.jpg 882w, https:\/\/ohmyglow.mastermarketing.cloud\/wp-content\/uploads\/2026\/02\/IMG_6399-2-768x891.jpg 768w, https:\/\/ohmyglow.mastermarketing.cloud\/wp-content\/uploads\/2026\/02\/IMG_6399-2.jpg 1289w\" sizes=\"auto, (max-width: 258px) 100vw, 258px\" \/><\/div><a class=\"wp-block-latest-posts__post-title\" href=\"https:\/\/ohmyglow.mastermarketing.cloud\/index.php\/2026\/03\/23\/comment-fonctionne-un-rehaussement-de-cils\/\">Comment fonctionne un rehaussement de cils ?<\/a><div class=\"wp-block-latest-posts__post-excerpt\">Le rehaussement de cils est une technique esth\u00e9tique qui permet de recourber les cils naturels afin d\u2019ouvrir le regard. Contrairement aux extensions, il ne s\u2019agit pas d\u2019ajouter des cils artificiels mais simplement de travailler\u2026 <a class=\"wp-block-latest-posts__read-more\" href=\"https:\/\/ohmyglow.mastermarketing.cloud\/index.php\/2026\/03\/23\/comment-fonctionne-un-rehaussement-de-cils\/\" rel=\"noopener noreferrer\">Lire la suite<span class=\"screen-reader-text\">\u00a0: Comment fonctionne un rehaussement de cils ?<\/span><\/a><\/div><\/li>\n<li><div class=\"wp-block-latest-posts__featured-image alignleft\"><img loading=\"lazy\" decoding=\"async\" width=\"300\" height=\"240\" src=\"https:\/\/ohmyglow.mastermarketing.cloud\/wp-content\/uploads\/2026\/02\/image-1-300x240.png\" class=\"attachment-medium size-medium wp-post-image\" alt=\"\" style=\"\" srcset=\"https:\/\/ohmyglow.mastermarketing.cloud\/wp-content\/uploads\/2026\/02\/image-1-300x240.png 300w, https:\/\/ohmyglow.mastermarketing.cloud\/wp-content\/uploads\/2026\/02\/image-1.png 500w\" sizes=\"auto, (max-width: 300px) 100vw, 300px\" \/><\/div><a class=\"wp-block-latest-posts__post-title\" href=\"https:\/\/ohmyglow.mastermarketing.cloud\/index.php\/2026\/03\/23\/rehaussement-de-cils-extensions-ou-mascara-quelle-solution-choisir\/\">Rehaussement de cils, extensions ou mascara : quelle solution choisir ?<\/a><div class=\"wp-block-latest-posts__post-excerpt\">Il existe aujourd\u2019hui plusieurs solutions pour am\u00e9liorer l\u2019apparence des cils. Cependant, il n\u2019est pas toujours facile de savoir laquelle choisir.Le mascara est la solution la plus simple et la plus rapide. Il permet d\u2019allonger\u2026 <a class=\"wp-block-latest-posts__read-more\" href=\"https:\/\/ohmyglow.mastermarketing.cloud\/index.php\/2026\/03\/23\/rehaussement-de-cils-extensions-ou-mascara-quelle-solution-choisir\/\" rel=\"noopener noreferrer\">Lire la suite<span class=\"screen-reader-text\">\u00a0: Rehaussement de cils, extensions ou mascara : quelle solution choisir ?<\/span><\/a><\/div><\/li>\n<li><div class=\"wp-block-latest-posts__featured-image alignleft\"><img loading=\"lazy\" decoding=\"async\" width=\"300\" height=\"300\" src=\"https:\/\/ohmyglow.mastermarketing.cloud\/wp-content\/uploads\/2026\/02\/rehaussement-300x300.jpg\" class=\"attachment-medium size-medium wp-post-image\" alt=\"\" style=\"\" srcset=\"https:\/\/ohmyglow.mastermarketing.cloud\/wp-content\/uploads\/2026\/02\/rehaussement-300x300.jpg 300w, https:\/\/ohmyglow.mastermarketing.cloud\/wp-content\/uploads\/2026\/02\/rehaussement-150x150.jpg 150w, https:\/\/ohmyglow.mastermarketing.cloud\/wp-content\/uploads\/2026\/02\/rehaussement.jpg 510w\" sizes=\"auto, (max-width: 300px) 100vw, 300px\" \/><\/div><a class=\"wp-block-latest-posts__post-title\" href=\"https:\/\/ohmyglow.mastermarketing.cloud\/index.php\/2026\/03\/23\/pourquoi-votre-mascara-ne-donne-jamais-leffet-souhaite\/\">Pourquoi votre mascara ne donne jamais l&rsquo;effet souhait\u00e9 ?<\/a><div class=\"wp-block-latest-posts__post-excerpt\">Beaucoup de femmes utilisent du mascara tous les jours pour intensifier leur regard. Pourtant, il arrive souvent que le r\u00e9sultat ne soit pas celui esp\u00e9r\u00e9. Les cils peuvent para\u00eetre courts, droits ou manquer de\u2026 <a class=\"wp-block-latest-posts__read-more\" href=\"https:\/\/ohmyglow.mastermarketing.cloud\/index.php\/2026\/03\/23\/pourquoi-votre-mascara-ne-donne-jamais-leffet-souhaite\/\" rel=\"noopener noreferrer\">Lire la suite<span class=\"screen-reader-text\">\u00a0: Pourquoi votre mascara ne donne jamais l&rsquo;effet souhait\u00e9 ?<\/span><\/a><\/div><\/li>\n<\/ul>","protected":false},"excerpt":{"rendered":"","protected":false},"author":2,"featured_media":0,"parent":0,"menu_order":0,"comment_status":"closed","ping_status":"closed","template":"","meta":{"footnotes":""},"class_list":["post-95","page","type-page","status-publish","hentry"],"yoast_head":"<!-- This site is optimized with the Yoast SEO plugin v27.2 - https:\/\/yoast.com\/product\/yoast-seo-wordpress\/ -->\n<title>Blog -<\/title>\n<meta name=\"robots\" content=\"index, follow, max-snippet:-1, max-image-preview:large, max-video-preview:-1\" \/>\n<link rel=\"canonical\" href=\"https:\/\/ohmyglow.mastermarketing.cloud\/index.php\/blog\/\" \/>\n<meta property=\"og:locale\" content=\"fr_FR\" \/>\n<meta property=\"og:type\" content=\"article\" \/>\n<meta property=\"og:title\" content=\"Blog -\" \/>\n<meta property=\"og:url\" content=\"https:\/\/ohmyglow.mastermarketing.cloud\/index.php\/blog\/\" \/>\n<meta property=\"article:modified_time\" content=\"2026-03-23T13:11:30+00:00\" \/>\n<meta name=\"twitter:card\" content=\"summary_large_image\" \/>\n<script type=\"application\/ld+json\" class=\"yoast-schema-graph\">{\"@context\":\"https:\/\/schema.org\",\"@graph\":[{\"@type\":\"WebPage\",\"@id\":\"https:\/\/ohmyglow.mastermarketing.cloud\/index.php\/blog\/\",\"url\":\"https:\/\/ohmyglow.mastermarketing.cloud\/index.php\/blog\/\",\"name\":\"Blog -\",\"isPartOf\":{\"@id\":\"http:\/\/ohmyglow.mastermarketing.cloud\/#website\"},\"datePublished\":\"2026-02-12T15:15:13+00:00\",\"dateModified\":\"2026-03-23T13:11:30+00:00\",\"breadcrumb\":{\"@id\":\"https:\/\/ohmyglow.mastermarketing.cloud\/index.php\/blog\/#breadcrumb\"},\"inLanguage\":\"fr-FR\",\"potentialAction\":[{\"@type\":\"ReadAction\",\"target\":[\"https:\/\/ohmyglow.mastermarketing.cloud\/index.php\/blog\/\"]}]},{\"@type\":\"BreadcrumbList\",\"@id\":\"https:\/\/ohmyglow.mastermarketing.cloud\/index.php\/blog\/#breadcrumb\",\"itemListElement\":[{\"@type\":\"ListItem\",\"position\":1,\"name\":\"Accueil\",\"item\":\"http:\/\/ohmyglow.mastermarketing.cloud\/\"},{\"@type\":\"ListItem\",\"position\":2,\"name\":\"Blog\"}]},{\"@type\":\"WebSite\",\"@id\":\"http:\/\/ohmyglow.mastermarketing.cloud\/#website\",\"url\":\"http:\/\/ohmyglow.mastermarketing.cloud\/\",\"name\":\"\",\"description\":\"\",\"potentialAction\":[{\"@type\":\"SearchAction\",\"target\":{\"@type\":\"EntryPoint\",\"urlTemplate\":\"http:\/\/ohmyglow.mastermarketing.cloud\/?s={search_term_string}\"},\"query-input\":{\"@type\":\"PropertyValueSpecification\",\"valueRequired\":true,\"valueName\":\"search_term_string\"}}],\"inLanguage\":\"fr-FR\"}]}<\/script>\n<!-- \/ Yoast SEO plugin. -->","yoast_head_json":{"title":"Blog -","robots":{"index":"index","follow":"follow","max-snippet":"max-snippet:-1","max-image-preview":"max-image-preview:large","max-video-preview":"max-video-preview:-1"},"canonical":"https:\/\/ohmyglow.mastermarketing.cloud\/index.php\/blog\/","og_locale":"fr_FR","og_type":"article","og_title":"Blog -","og_url":"https:\/\/ohmyglow.mastermarketing.cloud\/index.php\/blog\/","article_modified_time":"2026-03-23T13:11:30+00:00","twitter_card":"summary_large_image","schema":{"@context":"https:\/\/schema.org","@graph":[{"@type":"WebPage","@id":"https:\/\/ohmyglow.mastermarketing.cloud\/index.php\/blog\/","url":"https:\/\/ohmyglow.mastermarketing.cloud\/index.php\/blog\/","name":"Blog -","isPartOf":{"@id":"http:\/\/ohmyglow.mastermarketing.cloud\/#website"},"datePublished":"2026-02-12T15:15:13+00:00","dateModified":"2026-03-23T13:11:30+00:00","breadcrumb":{"@id":"https:\/\/ohmyglow.mastermarketing.cloud\/index.php\/blog\/#breadcrumb"},"inLanguage":"fr-FR","potentialAction":[{"@type":"ReadAction","target":["https:\/\/ohmyglow.mastermarketing.cloud\/index.php\/blog\/"]}]},{"@type":"BreadcrumbList","@id":"https:\/\/ohmyglow.mastermarketing.cloud\/index.php\/blog\/#breadcrumb","itemListElement":[{"@type":"ListItem","position":1,"name":"Accueil","item":"http:\/\/ohmyglow.mastermarketing.cloud\/"},{"@type":"ListItem","position":2,"name":"Blog"}]},{"@type":"WebSite","@id":"http:\/\/ohmyglow.mastermarketing.cloud\/#website","url":"http:\/\/ohmyglow.mastermarketing.cloud\/","name":"","description":"","potentialAction":[{"@type":"SearchAction","target":{"@type":"EntryPoint","urlTemplate":"http:\/\/ohmyglow.mastermarketing.cloud\/?s={search_term_string}"},"query-input":{"@type":"PropertyValueSpecification","valueRequired":true,"valueName":"search_term_string"}}],"inLanguage":"fr-FR"}]}},"_links":{"self":[{"href":"https:\/\/ohmyglow.mastermarketing.cloud\/index.php\/wp-json\/wp\/v2\/pages\/95","targetHints":{"allow":["GET"]}}],"collection":[{"href":"https:\/\/ohmyglow.mastermarketing.cloud\/index.php\/wp-json\/wp\/v2\/pages"}],"about":[{"href":"https:\/\/ohmyglow.mastermarketing.cloud\/index.php\/wp-json\/wp\/v2\/types\/page"}],"author":[{"embeddable":true,"href":"https:\/\/ohmyglow.mastermarketing.cloud\/index.php\/wp-json\/wp\/v2\/users\/2"}],"replies":[{"embeddable":true,"href":"https:\/\/ohmyglow.mastermarketing.cloud\/index.php\/wp-json\/wp\/v2\/comments?post=95"}],"version-history":[{"count":13,"href":"https:\/\/ohmyglow.mastermarketing.cloud\/index.php\/wp-json\/wp\/v2\/pages\/95\/revisions"}],"predecessor-version":[{"id":218,"href":"https:\/\/ohmyglow.mastermarketing.cloud\/index.php\/wp-json\/wp\/v2\/pages\/95\/revisions\/218"}],"wp:attachment":[{"href":"https:\/\/ohmyglow.mastermarketing.cloud\/index.php\/wp-json\/wp\/v2\/media?parent=95"}],"curies":[{"name":"wp","href":"https:\/\/api.w.org\/{rel}","templated":true}]}}